Does 500 divide 81107500?
True
Does 25 divide 26121671?
False
Does 5 divide 16623308?
False
Is 50 a factor of 4092750?
True
Is 39 a factor of 40940484?
True
Does 249 divide 155536175?
False
Does 279 divide 54706211?
False
Is 13 a factor of 4113508?
False
Is 155510465 a multiple of 11?
True
Is 385 a factor of 434310800?
True
Is 23 a factor of 33011739?
True
Is 3894828471 a multiple of 14?
False
Is 2834050 a multiple of 50?
True
Does 40 divide 108112407?
False
Is 27414803 a multiple of 191?
True
Is 1541 a factor of 115810773?
True
Does 1546 divide 21033270?
False
Does 10 divide 163726610?
True
Is 94 a factor of 1499348600?
False
Is 756219744 a multiple of 1008?
True
Is 3993780 a multiple of 148?
True
Does 10950 divide 3616485674?
False
Is 39 a factor of 49108488?
True
Does 15 divide 3124714?
False
Does 10 divide 17992058?
False
Does 72 divide 172771351?
False
Does 2357 divide 25114100?
False
Is 6542478998 a multiple of 49?
False
Does 46 divide 2021637391?
False
Is 59 a factor of 744845736?
True
Does 7 divide 4705659?
True
Is 394 a factor of 798258217?
False
Is 473474466 a multiple of 202?
True
Is 803 a factor of 782510652?
True
Does 13 divide 14560619?
False
Is 3526413 a multiple of 1330?
False
Is 69401029 a multiple of 26?
False
Is 1261 a factor of 40642030?
True
Does 26 divide 22455603?
False
Does 1700 divide 28399001?
False
Is 11107290 a multiple of 145?
True
Does 687 divide 3891855?
True
Is 1224 a factor of 35121456?
True
Is 10 a factor of 6923100?
True
Is 886989236 a multiple of 532?
True
Is 333 a factor of 19815752?
False
Is 22 a factor of 169763990?
True
Does 68 divide 3488717084?
True
Is 165 a factor of 8442563?
False
Is 24019922 a multiple of 4?
False
Is 1005438372 a multiple of 8?
False
Is 62 a factor of 1271555?
False
Is 744965685 a multiple of 2637?
True
Is 48556996 a multiple of 416?
False
Is 19029119 a multiple of 569?
False
Does 860 divide 16319377?
False
Is 46895100 a multiple of 150?
True
Is 283 a factor of 11608833?
False
Does 130 divide 5245384027?
False
Is 52 a factor of 25585674?
False
Is 14 a factor of 36704612?
True
Is 2976350 a multiple of 260?
False
Is 5451 a factor of 2450616451?
False
Is 26 a factor of 464219652?
True
Does 10 divide 32516722?
False
Is 22825833 a multiple of 1117?
False
Is 12 a factor of 275404920?
True
Does 31 divide 84557847?
False
Is 67 a factor of 113295995?
True
Is 79 a factor of 128466468?
False
Is 20 a factor of 232182681?
False
Does 429 divide 1057002221?
False
Is 19 a factor of 332388854?
False
Does 32 divide 7406590?
False
Is 675 a factor of 2862791775?
True
Is 164853300 a multiple of 300?
True
Is 39297146 a multiple of 44?
False
Does 40 divide 170701750?
False
Does 733 divide 24810584?
True
Is 8145776 a multiple of 944?
True
Does 2378 divide 1147116286?
True
Is 329 a factor of 73230440?
False
Is 242 a factor of 332190738?
True
Does 15 divide 729754170?
True
Is 45515807 a multiple of 169?
False
Does 18 divide 1168769005?
False
Is 14 a factor of 928357722?
False
Does 1089 divide 23674860?
True
Is 5356860 a multiple of 60?
True
Does 10 divide 304111372?
False
Is 4894683 a multiple of 214?
False
Does 67 divide 912116426?
True
Does 5 divide 249904720?
True
Is 598 a factor of 147155264?
False
Does 16 divide 299564176?
True
Is 21 a factor of 43752912?
True
Is 224638778 a multiple of 14?
True
Does 2024 divide 446391860?
False
Does 735 divide 30676334?
False
Is 29 a factor of 47403873?
False
Does 1358 divide 3999310?
True
Does 261 divide 25019403?
False
Is 320813715 a multiple of 1191?
True
Is 43731950 a multiple of 5?
True
Is 386 a factor of 67616392?
True
Is 14 a factor of 84571242?
True
Does 22 divide 523517082?
True
Does 64 divide 327331072?
True
Does 3531 divide 1808573769?
False
Is 12 a factor of 502998149?
False
Does 209 divide 4239319474?
False
Is 3013092536 a multiple of 8203?
False
Is 136235866 a multiple of 56?
False
Is 19 a factor of 10845770?
True
Is 187752621 a multiple of 6375?
False
Does 12 divide 138803451?
False
Is 16 a factor of 51600064?
True
Is 838 a factor of 5640571296?
True
Is 162 a factor of 545649187?
False
Is 791266944 a multiple of 520?
False
Does 116 divide 641103936?
False
Does 87 divide 209431?
False
Is 483 a factor of 501717579?
False
Does 102 divide 604895318?
False
Is 371 a factor of 159308512?
False
Is 137 a factor of 8758136?
True
Is 181 a factor of 149965025?
False
Does 94 divide 231452252?
True
Is 15791952 a multiple of 1034?
False
Does 34 divide 255600066?
True
Does 13 divide 54329840?
False
Is 4056040731 a multiple of 474?
False
Is 133057776 a multiple of 393?
False
Does 10 divide 3846097342?
False
Does 160 divide 208296640?
True
Is 307 a factor of 62283274?
False
Is 52949002 a multiple of 194?
True
Is 106558654 a multiple of 1349?
False
Is 73459040 a multiple of 204?
False
Is 45484880 a multiple of 80?
True
Is 105140322 a multiple of 42?
True
Is 181 a factor of 81802807?
False
Is 2633 a factor of 479064808?
False
Is 43 a factor of 1157545165?
True
Is 172363632 a multiple of 212?
True
Does 294 divide 22798524?
True
Is 30907170 a multiple of 486?
True
Is 32 a factor of 78917152?
True
Does 1078 divide 869899646?
True
Does 46 divide 22751784?
True
Does 45 divide 1750138785?
True
Is 10046952 a multiple of 245?
False
Is 10269547 a multiple of 32?
False
Is 440492448 a multiple of 8?
True
Does 95 divide 6559180?
True
Is 92325860 a multiple of 235?
True
Is 219 a factor of 2058946458?
True
Does 4 divide 641528?
True
Is 10 a factor of 69780800?
True
Is 66 a factor of 51943482?
False
Does 248 divide 92642283?
False
Is 109763613 a multiple of 69?
True
Is 4106400 a multiple of 348?
True
Is 136371781 a multiple of 6899?
False
Is 1065 a factor of 23326574?
False
Is 4315 a factor of 109169500?
True
Is 105747555 a multiple of 15?
True
Is 249650185 a multiple of 23?
False
Is 331267100 a multiple of 85?
True
Is 1751 a factor of 1744679012?
False
Is 75 a factor of 20007750?
True
Is 20 a factor of 33582080?
True
Does 777 divide 47795734?
False
Is 13 a factor of 2462608629?
True
Does 2072 divide 276885504?
True
Does 812 divide 565775616?
True
Is 2 a factor of 24529243?
False
Is 125 a factor of 884184500?
True
Does 2 divide 1578735?
False
Is 210573232 a multiple of 257?
False
Is 7 a factor of 97956893?
False
Is 6 a factor of 41067906?
True
Is 2598810165 a multiple of 45?
True
Is 23 a factor of 129857799?
False
Is 20 a factor of 24759802?
False
Is 65324110 a multiple of 151?
True
Is 954989472 a multiple of 892?
True
Is 27997918 a multiple of 37?
False
Does 180 divide 2673755523?
False
Is 743 a factor of 762346977?
True
Does 4094 divide 2345771932?
True
Is 95 a factor of 15927130?
True
Is 32981451 a multiple of 47?
True
Is 246 a factor of 623652804?
True
Is 27253415 a multiple of 35?
True
Is 762341376 a multiple of 192?
True
Is 2 a factor of 2944154?
True
Is 9 a factor of 42219648?
True
Is 608952528 a multiple of 72?
True
Is 75664365 a multiple of 157?
False
Does 101 divide 21507647?
True
Does 4002 divide 260316676?
False
Is 23012902 a multiple of 11?
True
Is 685633648 a multiple of 8?
True
Is 23006997 a multiple of 132?
False
Is 1448098096 a multiple of 6404?
True
Does 392 divide 315629658?
False
Does 16 divide 36344373?
False
Is 387 a factor of 92874096?
False
Is 276 a factor of 424404924?
True
Does 9197 divide 2523886725?
True
Does 86 divide 27929274?
True
Is 420156756 a multiple of 894?
True
Is 46513600 a multiple of 32?
True
Does 56 divide 133617568?
True
Is 6193044 a multiple of 3609?
True
Is 4349522887 a multiple of 3347?
False
Does 171 divide 109402262?
False
Is 2506 a factor of 1561578400?
False
Is 771 a factor of 133484001?
True
Does 3551 divide 2017628226?
False
Is 23 a factor of 244178189?
True
Does 3883 divide 2715789615?
True
Does 141 divide 514991657?
False
Does 666 divide 42000178?
False
Is 159 a factor of 297374361?
True
Does 3 divide 24383405?
False
Does 163 divide 11110806?
False
Is 8 a factor of 195934120?
True
Is 62 a factor of 346081?
False
Is 1340 a factor of 133116795?
False
Does 9 divide 232329658?
False
Is 16372800 a multiple of 4?
True
Is 183245274 a multiple of 6336?
False
Does 24 divide 3795240?
True
Is 1996195427 a multiple of 1856?
False
Is 10857790 a multiple of 726?
False
Is 30 a factor of 384834678?
False
Is 328 a factor of 7110056?
True
Does 46 di